{"id":59,"date":"2022-09-07T14:56:39","date_gmt":"2022-09-07T12:56:39","guid":{"rendered":"https:\/\/complithium.agh.edu.pl\/?page_id=59"},"modified":"2023-06-27T10:02:45","modified_gmt":"2023-06-27T08:02:45","slug":"zespol-projektowy","status":"publish","type":"page","link":"https:\/\/complithium.agh.edu.pl\/?page_id=59","title":{"rendered":""},"content":{"rendered":"\t\t<div data-elementor-type=\"wp-page\" data-elementor-id=\"59\" class=\"elementor elementor-59\">\n\t\t\t\t\t\t<section class=\"elementor-section elementor-top-section elementor-element elementor-element-2c66bb0 elementor-section-boxed elementor-section-height-default elementor-section-height-default\" data-id=\"2c66bb0\" data-element_type=\"section\" data-e-type=\"section\">\n\t\t\t\t\t\t<div class=\"elementor-container elementor-column-gap-default\">\n\t\t\t\t\t<div class=\"elementor-column elementor-col-100 elementor-top-column elementor-element elementor-element-4fb7c6d\" data-id=\"4fb7c6d\" data-element_type=\"column\" data-e-type=\"column\">\n\t\t\t<div class=\"elementor-widget-wrap elementor-element-populated\">\n\t\t\t\t\t\t<div class=\"elementor-element elementor-element-ff934ae elementor-widget elementor-widget-heading\" data-id=\"ff934ae\" data-element_type=\"widget\" data-e-type=\"widget\" data-widget_type=\"heading.default\">\n\t\t\t\t<div class=\"elementor-widget-container\">\n\t\t\t\t\t<h1 class=\"elementor-heading-title elementor-size-large\"><span style=\", sans-serif;font-size: 36px;font-weight: 300;white-space: normal\">Zesp\u00f3\u0142 projektowy<\/span><\/h1>\t\t\t\t<\/div>\n\t\t\t\t<\/div>\n\t\t\t\t\t<\/div>\n\t\t<\/div>\n\t\t\t\t\t<\/div>\n\t\t<\/section>\n\t\t\t\t<section class=\"elementor-section elementor-top-section elementor-element elementor-element-1550a2e elementor-section-boxed elementor-section-height-default elementor-section-height-default\" data-id=\"1550a2e\" data-element_type=\"section\" data-e-type=\"section\">\n\t\t\t\t\t\t<div class=\"elementor-container elementor-column-gap-default\">\n\t\t\t\t\t<div class=\"elementor-column elementor-col-100 elementor-top-column elementor-element elementor-element-6919716\" data-id=\"6919716\" data-element_type=\"column\" data-e-type=\"column\">\n\t\t\t<div class=\"elementor-widget-wrap elementor-element-populated\">\n\t\t\t\t\t\t<div class=\"elementor-element elementor-element-d598934 elementor-position-left elementor-vertical-align-top elementor-widget elementor-widget-image-box\" data-id=\"d598934\" data-element_type=\"widget\" data-e-type=\"widget\" data-widget_type=\"image-box.default\">\n\t\t\t\t<div class=\"elementor-widget-container\">\n\t\t\t\t\t<div class=\"elementor-image-box-wrapper\"><figure class=\"elementor-image-box-img\"><img fetchpriority=\"high\" decoding=\"async\" width=\"364\" height=\"506\" src=\"https:\/\/complithium.agh.edu.pl\/wp-content\/uploads\/2022\/09\/ewa_knapik.png\" class=\"elementor-animation-wobble-horizontal attachment-full size-full wp-image-213\" alt=\"\" srcset=\"https:\/\/complithium.agh.edu.pl\/wp-content\/uploads\/2022\/09\/ewa_knapik.png 364w, https:\/\/complithium.agh.edu.pl\/wp-content\/uploads\/2022\/09\/ewa_knapik-216x300.png 216w, https:\/\/complithium.agh.edu.pl\/wp-content\/uploads\/2022\/09\/ewa_knapik-360x500.png 360w, https:\/\/complithium.agh.edu.pl\/wp-content\/uploads\/2022\/09\/ewa_knapik-250x348.png 250w, https:\/\/complithium.agh.edu.pl\/wp-content\/uploads\/2022\/09\/ewa_knapik-100x139.png 100w\" sizes=\"(max-width: 364px) 100vw, 364px\" \/><\/figure><div class=\"elementor-image-box-content\"><h2 class=\"elementor-image-box-title\">dr in\u017c. Ewa Knapik - kierownik projektu<\/h2><p class=\"elementor-image-box-description\"><br>Dr in\u017c. Ewa Knapik jest obecnie zatrudniona na stanowisku adiunkta w Katedrze In\u017cynierii Naftowej WWNiG AGH. Tytu\u0142 zawodowy magistra in\u017cyniera uzyska\u0142a na kierunku technologia chemiczna na Wydziale In\u017cynierii i Technologii Chemicznej Politechniki Krakowskiej. Prac\u0119 doktorsk\u0105 nt. \u201eZastosowanie nanokompozyt\u00f3w do usuwania w\u0119glowodor\u00f3w z wody z\u0142o\u017cowej w instalacji napowierzchniowej kopalni ropy naftowej\u201d obroni\u0142a na WWNiG AGH w kwietniu 2019 roku. Praca zosta\u0142a w 2020 roku nagrodzona przez Prezesa Rady Ministr\u00f3w za wyr\u00f3\u017cniaj\u0105c\u0105 si\u0119 rozpraw\u0119 doktorsk\u0105. Dzia\u0142alno\u015b\u0107 naukowa dr in\u017c. Ewy Knapik skupia si\u0119 na zagospodarowaniu w\u00f3d z\u0142o\u017cowych towarzysz\u0105cych wydobyciu w\u0119glowodor\u00f3w. Dorobek naukowy obejmuje \u0142\u0105cznie 29 artyku\u0142\u00f3w oraz wyst\u0105pie\u0144 konferencyjnych, jak r\u00f3wnie\u017c wykonawstwo grant\u00f3w krajowych i mi\u0119dzynarodowych. Ponadto w latach 2015-2020 dr in\u017c. Ewa Knapik bra\u0142a udzia\u0142 jako wykonawca w 12 pracach badawczo-rozwojowych zleconych przez krajowe firmy naftowe (PGNiG S.A., Lotos Petrobaltic). Dr in\u017c. Ewa Knapik jest aktywnym cz\u0142onkiem Stowarzyszenia In\u017cynier\u00f3w i Technik\u00f3w Przemys\u0142u Naftowego i Gazowniczego oraz Stowarzyszenia Polskich Wynalazc\u00f3w i Racjonalizator\u00f3w. Jako kierownik projektu CompLithium odpowiada za merytoryczny nadz\u00f3r nad realizacj\u0105 projektu i zarz\u0105dzanie zespo\u0142em badawczym.   \n<\/p><\/div><\/div>\t\t\t\t<\/div>\n\t\t\t\t<\/div>\n\t\t\t\t\t<\/div>\n\t\t<\/div>\n\t\t\t\t\t<\/div>\n\t\t<\/section>\n\t\t\t\t<section class=\"elementor-section elementor-top-section elementor-element elementor-element-ce4235a elementor-section-boxed elementor-section-height-default elementor-section-height-default\" data-id=\"ce4235a\" data-element_type=\"section\" data-e-type=\"section\">\n\t\t\t\t\t\t<div class=\"elementor-container elementor-column-gap-default\">\n\t\t\t\t\t<div class=\"elementor-column elementor-col-100 elementor-top-column elementor-element elementor-element-9a761e6\" data-id=\"9a761e6\" data-element_type=\"column\" data-e-type=\"column\">\n\t\t\t<div class=\"elementor-widget-wrap elementor-element-populated\">\n\t\t\t\t\t\t<div class=\"elementor-element elementor-element-b59381c elementor-vertical-align-top elementor-widget elementor-widget-image-box\" data-id=\"b59381c\" data-element_type=\"widget\" data-e-type=\"widget\" data-widget_type=\"image-box.default\">\n\t\t\t\t<div class=\"elementor-widget-container\">\n\t\t\t\t\t<div class=\"elementor-image-box-wrapper\"><div class=\"elementor-image-box-content\"><h2 class=\"elementor-image-box-title\">mgr in\u017c. Edyta Kuk - kierownik etapu I<\/h2><p class=\"elementor-image-box-description\">Mgr in\u017c. Edyta Kuk uko\u0144czy\u0142a studia II stopnia na kierunku G\u00f3rnictwo i Geologia, specjalno\u015b\u0107 Eksploatacja Z\u0142\u00f3\u017c Surowc\u00f3w P\u0142ynnych na WWNiG AGH (2017 r.) oraz studia II stopnia na kierunku Informatyka, specjalno\u015b\u0107 Systemy Inteligentne na Wydziale Elektrotechniki, Automatyki, Informatyki i In\u017cynierii Biomedycznej AGH w roku 2018. Obecnie zatrudniona jest na stanowisku asystenta naukowo-dydaktycznego w Katedrze\nIn\u017cynierii Naftowej. Praca naukowa mgr in\u017c. Edyty Kuk skupia si\u0119 wok\u00f3\u0142 optymalizacji sposobu sterowania odwiertami na z\u0142o\u017cach w\u0119glowodor\u00f3w (przew\u00f3d doktorski nt. \u201eZastosowanie autoadaptacyjnych drzew decyzyjnych do sterowania odwiertami na z\u0142o\u017cach w\u0119glowodor\u00f3w\u201d). Dorobek naukowy mgr in\u017c. Edyty Kuk obejmuje on 16 artyku\u0142\u00f3w oraz 14 wyst\u0105pie\u0144 konferencyjnych, jak r\u00f3wnie\u017c wykonawstwo grant\u00f3w krajowych i mi\u0119dzynarodowych. Mgr in\u017c. Edyta Kuk jest aktywnym cz\u0142onkiem Stowarzyszenia In\u017cynier\u00f3w i Technik\u00f3w Przemys\u0142u Naftowego i Gazowniczego oraz mi\u0119dzynarodowego stowarzyszenia Society of Petroleum Engineers. W projekcie CompLithium mgr in\u017c. Edyta Kuk odpowiada za opracowanie algorytmu\/narz\u0119dzia do typowania z\u0142\u00f3\u017c zdatnych do wdro\u017cenia proponowanej technologii\n<\/p><\/div><\/div>\t\t\t\t<\/div>\n\t\t\t\t<\/div>\n\t\t\t\t\t<\/div>\n\t\t<\/div>\n\t\t\t\t\t<\/div>\n\t\t<\/section>\n\t\t\t\t<section class=\"elementor-section elementor-top-section elementor-element elementor-element-247430d elementor-section-boxed elementor-section-height-default elementor-section-height-default\" data-id=\"247430d\" data-element_type=\"section\" data-e-type=\"section\">\n\t\t\t\t\t\t<div class=\"elementor-container elementor-column-gap-default\">\n\t\t\t\t\t<div class=\"elementor-column elementor-col-100 elementor-top-column elementor-element elementor-element-bcfafb2\" data-id=\"bcfafb2\" data-element_type=\"column\" data-e-type=\"column\">\n\t\t\t<div class=\"elementor-widget-wrap elementor-element-populated\">\n\t\t\t\t\t\t<div class=\"elementor-element elementor-element-432453b elementor-vertical-align-top elementor-widget elementor-widget-image-box\" data-id=\"432453b\" data-element_type=\"widget\" data-e-type=\"widget\" data-widget_type=\"image-box.default\">\n\t\t\t\t<div class=\"elementor-widget-container\">\n\t\t\t\t\t<div class=\"elementor-image-box-wrapper\"><div class=\"elementor-image-box-content\"><h2 class=\"elementor-image-box-title\">dr in\u017c. Grzegorz Rotko - kierownik etapu II<\/h2><p class=\"elementor-image-box-description\">Absolwent kierunku technologia chemiczna na Politechnice Krakowskiej. W 2015 roku uzyska\u0142 stopie\u0144 naukowy doktora nauk chemicznych (Politechnika Krakowska). W trakcie doktoratu odby\u0142 sta\u017ce naukowe na Wydziale G\u00f3rnictwa i Geologii Uniwersytetu Technicznego w Ostrawie oraz w Instytucie Katalizy i Fizykochemii Powierzchni. Po zako\u0144czeniu doktoratu w ramach sta\u017cu podoktorskiego na Wydziale Chemii Uniwersytetu Wroc\u0142awskiego bra\u0142 udzia\u0142 w projekcie pt. \u201eZastosowanie chemicznych metod modyfikacji powierzchni w celu uzyskania dyspergowalnych w wodzie i biokompatybilnych nanoznacznik\u00f3w fluorescencyjnych w zakresie okna terapeutycznego\u201d jako wykonawca. W 2017 roku podj\u0105\u0142 prac\u0119 jako M\u0142odszy Specjalista ds. Bada\u0144 i Wdro\u017ce\u0144 w Centrum Badawczo-Rozwojowym Grupy Azoty S.A. W czasie doktoratu dr in\u017c. Grzegorz Rotko zajmowa\u0142 si\u0119 badaniami w obszarze elektrochemii. W ramach sta\u017cy odbytych w trakcie doktoratu zdoby\u0142 r\u00f3wnie\u017c do\u015bwiadczenie w zakresie skaningowej mikroskopii elektronowej oraz mikroskopii Ramana jako narz\u0119dzi do charakterystyki powierzchni materia\u0142\u00f3w (w tym nanomateria\u0142\u00f3w). Jest wsp\u00f3\u0142autorem siedmiu prac naukowych w presti\u017cowych czasopismach naukowych z zakresu chemii fizycznej oraz nanotechnologii, a tak\u017ce dw\u00f3ch wniosk\u00f3w patentowych. Dr in\u017c. Grzegorz Rotko posiada bogate do\u015bwiadczenie badawcze, jest specjalist\u0105 z 12 letnim do\u015bwiadczeniem w zakresie chemii fizycznej i szeroko poj\u0119tej fizykochemii powierzchni, katalizy oraz chemii koloid\u00f3w (w tym nanomateria\u0142\u00f3w). W niniejszym projekcie jest odpowiedzialny za rozw\u00f3j materia\u0142\u00f3w sorpcyjnych pozwalaj\u0105cych na selektywny odzysk litu z solanek z\u0142o\u017cowych oraz opracowanie za\u0142o\u017ce\u0144 procesu przer\u00f3bki w\u00f3d z\u0142o\u017cowych w stron\u0119 u\u017cytecznych produkt\u00f3w.<\/p><\/div><\/div>\t\t\t\t<\/div>\n\t\t\t\t<\/div>\n\t\t\t\t\t<\/div>\n\t\t<\/div>\n\t\t\t\t\t<\/div>\n\t\t<\/section>\n\t\t\t\t<section class=\"elementor-section elementor-top-section elementor-element elementor-element-bde5736 elementor-section-boxed elementor-section-height-default elementor-section-height-default\" data-id=\"bde5736\" data-element_type=\"section\" data-e-type=\"section\">\n\t\t\t\t\t\t<div class=\"elementor-container elementor-column-gap-default\">\n\t\t\t\t\t<div class=\"elementor-column elementor-col-100 elementor-top-column elementor-element elementor-element-d458262\" data-id=\"d458262\" data-element_type=\"column\" data-e-type=\"column\">\n\t\t\t<div class=\"elementor-widget-wrap elementor-element-populated\">\n\t\t\t\t\t\t<div class=\"elementor-element elementor-element-594a146 elementor-vertical-align-top elementor-widget elementor-widget-image-box\" data-id=\"594a146\" data-element_type=\"widget\" data-e-type=\"widget\" data-widget_type=\"image-box.default\">\n\t\t\t\t<div class=\"elementor-widget-container\">\n\t\t\t\t\t<div class=\"elementor-image-box-wrapper\"><div class=\"elementor-image-box-content\"><h2 class=\"elementor-image-box-title\">dr in\u017c. Damian Janiga - kierownik etapu III<\/h2><p class=\"elementor-image-box-description\">Absolwent kierunku In\u017cynieria Naftowa i Gazownicza na Wydziale Wiertnictwa, Nafty i Gazu AGH. W roku 2015 obroni\u0142 z wyr\u00f3\u017cnieniem prac\u0119 doktorsk\u0105 pt \u201eModel optymalizacji udost\u0119pnienia i eksploatacji z\u0142o\u017ca w\u0119glowodor\u00f3w z wykorzystaniem sztucznej inteligencji\u201d. Obecnie zatrudniony na stanowisku adiunkta na WWNiG AGH. Od 2020 roku pracuje r\u00f3wnie\u017c jako in\u017cynier rozwoju oprogramowania w Korporacyjnym Centrum Badawczym ABB, Marine &amp; Ports division. Dr in\u017c. Damian Janiga jest wsp\u00f3\u0142autorem 68 publikacji naukowych oraz autorem 2 wdro\u017conych rozwi\u0105za\u0144 przemys\u0142owych. Za swoje osi\u0105gni\u0119cia uzyska\u0142 w 2020 roku Stypendium Ministra Nauki i Szkolnictwa Wy\u017cszego dla Wybitnych M\u0142odych Naukowc\u00f3w. W projekcie Complithium jest odpowiedzialny za opracowanie modelu symulacyjnego dla wybranej formacji z\u0142o\u017cowej z za\u0142o\u017ceniem maksymalizacji wydobycia solanki litono\u015bnej w oparciu o metody sztucznej inteligencji i uczenia maszynowego.<\/p><\/div><\/div>\t\t\t\t<\/div>\n\t\t\t\t<\/div>\n\t\t\t\t\t<\/div>\n\t\t<\/div>\n\t\t\t\t\t<\/div>\n\t\t<\/section>\n\t\t\t\t<section class=\"elementor-section elementor-top-section elementor-element elementor-element-7b017e3 elementor-section-boxed elementor-section-height-default elementor-section-height-default\" data-id=\"7b017e3\" data-element_type=\"section\" data-e-type=\"section\">\n\t\t\t\t\t\t<div class=\"elementor-container elementor-column-gap-default\">\n\t\t\t\t\t<div class=\"elementor-column elementor-col-100 elementor-top-column elementor-element elementor-element-646191f\" data-id=\"646191f\" data-element_type=\"column\" data-e-type=\"column\">\n\t\t\t<div class=\"elementor-widget-wrap elementor-element-populated\">\n\t\t\t\t\t\t<div class=\"elementor-element elementor-element-a6486d7 elementor-vertical-align-top elementor-widget elementor-widget-image-box\" data-id=\"a6486d7\" data-element_type=\"widget\" data-e-type=\"widget\" data-widget_type=\"image-box.default\">\n\t\t\t\t<div class=\"elementor-widget-container\">\n\t\t\t\t\t<div class=\"elementor-image-box-wrapper\"><div class=\"elementor-image-box-content\"><h2 class=\"elementor-image-box-title\">mgr in\u017c. Jacek Hendel - kierownik etapu IV<\/h2><p class=\"elementor-image-box-description\">Mgr in\u017c. Jacek Hendel uko\u0144czy\u0142 na Wydziale Wiertnictwa, Nafty i Gazu AGH w Krakowie studia magisterskie na kierunkach: in\u017cynieria naftowa i gazownicza (2012) oraz g\u00f3rnictwo i geologia in\u017cynierska (2014). Ponadto w 2019 r., uko\u0144czy\u0142 na Wydziale In\u017cynierii L\u0105dowej Politechniki Krakowskiej studia podyplomowe pt.: \u201ePrzedmiarowanie, kosztorysowanie i planowanie rob\u00f3t budowlanych\u201d. W trakcie studi\u00f3w by\u0142 wielokrotnym stypendyst\u0105 Rektora AGH, firmy LOTOS S.A., Ma\u0142opolskiej Fundacji \u201eSapere Auso\u201d oraz Fundacji PGNiG im. Ignacego \u0141ukasiewicza. W pa\u017adzierniku 2012 r. zosta\u0142 zatrudniony na stanowisku asystenta naukowo-dydaktycznego. W trakcie pracy na uczelni bra\u0142 udzia\u0142 w kilku projektach B+R+I. W realizowanych grantach zajmowa\u0142 si\u0119 g\u0142\u00f3wnie aspektami prawnymi i \u015brodowiskowymi prowadzenia szczelinowania pok\u0142ad\u00f3w w\u0119gla oraz ekonomik\u0105 produkcji gazu z zaniechanych kopal\u0144 w\u0119gla kamiennego. W analizach ekonomicznych u\u017cywa\u0142 metod stochastycznych (Monte Carlo). W ramach pracy naukowej, by\u0142 autorem lub wsp\u00f3\u0142autorem ok. 30 publikacji i wyst\u0105pie\u0144 konferencyjnych. W ramach prowadzonej dzia\u0142alno\u015bci gospodarczej prowadzi obs\u0142ug\u0119 organizacyjno-techniczn\u0105 oraz doradztwo technologiczne w przemy\u015ble budowlanym. W projekcie CompLithium odpowiada za analiz\u0119 ekonomiczn\u0105 wdro\u017cenia proponowanej technologii na wybranym z\u0142o\u017cu oraz analiz\u0119 stanu prawnego zwi\u0105zanego z utylizacj\u0105 w\u00f3d z\u0142o\u017cowych w Polsce.<\/p><\/div><\/div>\t\t\t\t<\/div>\n\t\t\t\t<\/div>\n\t\t\t\t\t<\/div>\n\t\t<\/div>\n\t\t\t\t\t<\/div>\n\t\t<\/section>\n\t\t\t\t<\/div>\n\t\t","protected":false},"excerpt":{"rendered":"<p>Zesp\u00f3\u0142 projektowy dr in\u017c. Ewa Knapik &#8211; kierownik projektu Dr in\u017c. Ewa Knapik jest obecnie zatrudniona na stanowisku adiunkta w Katedrze In\u017cynierii Naftowej WWNiG AGH. Tytu\u0142 zawodowy magistra in\u017cyniera uzyska\u0142a na kierunku technologia chemiczna na Wydziale In\u017cynierii i Technologii Chemicznej Politechniki Krakowskiej. Prac\u0119 doktorsk\u0105 nt. \u201eZastosowanie nanokompozyt\u00f3w do usuwania w\u0119glowodor\u00f3w z wody z\u0142o\u017cowej w instalacji napowierzchniowej kopalni ropy naftowej\u201d obroni\u0142a na WWNiG AGH w kwietniu 2019 roku. Praca zosta\u0142a w 2020 roku nagrodzona przez Prezesa Rady Ministr\u00f3w za wyr\u00f3\u017cniaj\u0105c\u0105 si\u0119 rozpraw\u0119 doktorsk\u0105. Dzia\u0142alno\u015b\u0107 naukowa dr in\u017c. Ewy Knapik skupia si\u0119 na zagospodarowaniu w\u00f3d z\u0142o\u017cowych towarzysz\u0105cych wydobyciu w\u0119glowodor\u00f3w. Dorobek naukowy obejmuje \u0142\u0105cznie 29 artyku\u0142\u00f3w oraz wyst\u0105pie\u0144 konferencyjnych, jak r\u00f3wnie\u017c wykonawstwo grant\u00f3w krajowych i mi\u0119dzynarodowych. Ponadto w latach 2015-2020 dr in\u017c. Ewa Knapik bra\u0142a udzia\u0142 jako wykonawca w 12 pracach badawczo-rozwojowych zleconych przez krajowe firmy naftowe (PGNiG S.A., Lotos Petrobaltic). Dr in\u017c. Ewa Knapik jest aktywnym cz\u0142onkiem Stowarzyszenia In\u017cynier\u00f3w i Technik\u00f3w Przemys\u0142u Naftowego i Gazowniczego oraz Stowarzyszenia Polskich Wynalazc\u00f3w i Racjonalizator\u00f3w. Jako kierownik projektu CompLithium odpowiada za merytoryczny nadz\u00f3r nad realizacj\u0105 projektu i zarz\u0105dzanie zespo\u0142em badawczym. mgr in\u017c. Edyta Kuk &#8211; kierownik etapu I Mgr in\u017c. Edyta [&hellip;]<\/p>\n","protected":false},"author":1,"featured_media":0,"parent":0,"menu_order":0,"comment_status":"closed","ping_status":"closed","template":"page-templates\/page_fullwidth.php","meta":{"footnotes":""},"class_list":["post-59","page","type-page","status-publish","hentry","clearfix"],"_links":{"self":[{"href":"https:\/\/complithium.agh.edu.pl\/index.php?rest_route=\/wp\/v2\/pages\/59","targetHints":{"allow":["GET"]}}],"collection":[{"href":"https:\/\/complithium.agh.edu.pl\/index.php?rest_route=\/wp\/v2\/pages"}],"about":[{"href":"https:\/\/complithium.agh.edu.pl\/index.php?rest_route=\/wp\/v2\/types\/page"}],"author":[{"embeddable":true,"href":"https:\/\/complithium.agh.edu.pl\/index.php?rest_route=\/wp\/v2\/users\/1"}],"replies":[{"embeddable":true,"href":"https:\/\/complithium.agh.edu.pl\/index.php?rest_route=%2Fwp%2Fv2%2Fcomments&post=59"}],"version-history":[{"count":40,"href":"https:\/\/complithium.agh.edu.pl\/index.php?rest_route=\/wp\/v2\/pages\/59\/revisions"}],"predecessor-version":[{"id":712,"href":"https:\/\/complithium.agh.edu.pl\/index.php?rest_route=\/wp\/v2\/pages\/59\/revisions\/712"}],"wp:attachment":[{"href":"https:\/\/complithium.agh.edu.pl\/index.php?rest_route=%2Fwp%2Fv2%2Fmedia&parent=59"}],"curies":[{"name":"wp","href":"https:\/\/api.w.org\/{rel}","templated":true}]}}